{"id":328,"date":"2024-04-25T10:36:58","date_gmt":"2024-04-25T08:36:58","guid":{"rendered":"http:\/\/negomab.fr\/?page_id=328"},"modified":"2025-10-16T11:16:15","modified_gmt":"2025-10-16T09:16:15","slug":"recrutement-2","status":"publish","type":"page","link":"http:\/\/negomab.fr\/?page_id=328","title":{"rendered":"Recrutement"},"content":{"rendered":"\n<p><\/p>\n\n\n\n<p>[et_pb_section fb_built=\u00a0\u00bb1&Prime; next_background_color=\u00a0\u00bb#ffffff\u00a0\u00bb _builder_version=\u00a0\u00bb3.19.16&Prime; background_image=\u00a0\u00bbhttps:\/\/tournier-machines-bois.com\/wp-content\/uploads\/2021\/11\/tournier-bois-services-fillinges.jpg\u00a0\u00bb max_width_last_edited=\u00a0\u00bbon|desktop\u00a0\u00bb custom_padding=\u00a0\u00bb63px||75px||false|false\u00a0\u00bb bottom_divider_style=\u00a0\u00bbslant\u00a0\u00bb bottom_divider_flip=\u00a0\u00bbhorizontal\u00a0\u00bb animation_style=\u00a0\u00bbslide\u00a0\u00bb animation_direction=\u00a0\u00bbtop\u00a0\u00bb][et_pb_row custom_padding=\u00a0\u00bb27px|0px|27px|0px|false|false\u00a0\u00bb custom_margin=\u00a0\u00bb80px||80px\u00a0\u00bb _builder_version=\u00a0\u00bb3.19.16&Prime; background_color=\u00a0\u00bbrgba(0,0,0,0.2)\u00a0\u00bb][et_pb_column type=\u00a0\u00bb4_4&Prime; _builder_version=\u00a0\u00bb3.19.16&Prime;][et_pb_text _builder_version=\u00a0\u00bb3.19.16&Prime; header_font=\u00a0\u00bb||||||||\u00a0\u00bb header_font_size=\u00a0\u00bb60px\u00a0\u00bb]<\/p>\n\n\n\n<h1 class=\"wp-block-heading\">RECRUTEMENT &#8211; OFFRES D&rsquo;EMPLOI<\/h1>\n\n\n\n<p><span style=\"font-size: revert; color: initial;\">[\/et_pb_text][et_pb_divider color=\u00a0\u00bb#ffffff\u00a0\u00bb divider_weight=\u00a0\u00bb3px\u00a0\u00bb _builder_version=\u00a0\u00bb3.19.16&Prime; max_width=\u00a0\u00bb20%\u00a0\u00bb custom_margin=\u00a0\u00bb20px||20px||true\u00a0\u00bb][\/et_pb_divider][et_pb_text _builder_version=\u00a0\u00bb3.19.16&Prime; text_font=\u00a0\u00bb||||||||\u00a0\u00bb text_line_height=\u00a0\u00bb1.8em\u00a0\u00bb custom_padding=\u00a0\u00bb|10%||\u00a0\u00bb inline_fonts=\u00a0\u00bbArial\u00a0\u00bb]<\/span><br><\/p>\n\n\n\n<h2 class=\"wp-block-heading\"><strong><span style=\"color: #ffffff;\">&nbsp;\u00c0 LA RECHERCHE DE NOUVEAUX TALENTS&#8230;<\/span><\/strong><\/h2>\n\n\n\n<p>[\/et_pb_text][\/et_pb_column][\/et_pb_row][\/et_pb_section][et_pb_section fb_built=\u00a0\u00bb1&Prime; _builder_version=\u00a0\u00bb3.19.16&Prime;][et_pb_row custom_padding=\u00a0\u00bb27px|0px|0|0px|false|false\u00a0\u00bb _builder_version=\u00a0\u00bb3.19.16&Prime;][et_pb_column type=\u00a0\u00bb4_4&Prime; _builder_version=\u00a0\u00bb3.19.16&Prime;][et_pb_text _builder_version=\u00a0\u00bb3.19.16&Prime; text_font=\u00a0\u00bb|300|||||||\u00a0\u00bb header_font=\u00a0\u00bb||||||||\u00a0\u00bb header_2_font=\u00a0\u00bb|300||on|||||\u00a0\u00bb header_2_text_align=\u00a0\u00bbcenter\u00a0\u00bb header_2_text_color=\u00a0\u00bb#d1cac0&Prime; header_2_font_size=\u00a0\u00bb14px\u00a0\u00bb header_3_font=\u00a0\u00bb||||||||\u00a0\u00bb header_3_text_align=\u00a0\u00bbcenter\u00a0\u00bb header_3_font_size=\u00a0\u00bb30px\u00a0\u00bb text_orientation=\u00a0\u00bbcenter\u00a0\u00bb custom_padding=\u00a0\u00bb|10%||10%||true\u00a0\u00bb]<br><\/p>\n\n\n\n<h3 class=\"wp-block-heading\">Nous agrandissons notre \u00e9quipe !<\/h3>\n\n\n\n<p>La vocation de l\u2019entreprise est d\u2019accompagner, former et servir ses clients, d\u2019offrir une large gamme de produits et d\u2019outillage sp\u00e9cialis\u00e9 dans les m\u00e9tiers du bois au meilleur rapport qualit\u00e9- prix, d\u2019installer et mettre en production des machines-outils, d\u2019effectuer des diagnostics, de r\u00e9aliser des plans de maintenance et d\u2019assurer le SAV et le d\u00e9pannage d\u2019outillages et machines de toutes marques.&nbsp;&nbsp;<\/p>\n\n\n\n<p>[\/et_pb_text][\/et_pb_column][\/et_pb_row][et_pb_row custom_padding=\u00a0\u00bb70px|0px|0|0px|false|false\u00a0\u00bb _builder_version=\u00a0\u00bb3.19.16&Prime;][et_pb_column type=\u00a0\u00bb4_4&Prime; _builder_version=\u00a0\u00bb3.19.16&Prime;][et_pb_text _builder_version=\u00a0\u00bb3.19.16&Prime; text_font=\u00a0\u00bb|300|||||||\u00a0\u00bb header_font=\u00a0\u00bb||||||||\u00a0\u00bb header_2_font=\u00a0\u00bb|300||on|||||\u00a0\u00bb header_2_text_align=\u00a0\u00bbcenter\u00a0\u00bb header_2_text_color=\u00a0\u00bb#d1cac0&Prime; header_2_font_size=\u00a0\u00bb14px\u00a0\u00bb header_3_font=\u00a0\u00bb||||||||\u00a0\u00bb header_3_text_align=\u00a0\u00bbcenter\u00a0\u00bb header_3_font_size=\u00a0\u00bb30px\u00a0\u00bb text_orientation=\u00a0\u00bbcenter\u00a0\u00bb custom_padding=\u00a0\u00bb|10%||10%||true\u00a0\u00bb]<\/p>\n\n\n<h2>DECOUVREZ NOS POSTES A POURVOIR<\/h2>\n<h2>\u00a0<\/h2>\n\n\n<p>[\/et_pb_text][\/et_pb_column][\/et_pb_row][et_pb_row use_custom_width=\u00a0\u00bbon\u00a0\u00bb custom_width_px=\u00a0\u00bb1650px\u00a0\u00bb custom_padding=\u00a0\u00bb27px|0px|75px|0px|false|false\u00a0\u00bb _builder_version=\u00a0\u00bb3.19.16&Prime;][et_pb_column type=\u00a0\u00bb1_3&Prime; _builder_version=\u00a0\u00bb3.19.16&Prime;][et_pb_text _builder_version=\u00a0\u00bb3.19.16&Prime;]<\/p>\n\n\n\n<p><\/p>\n\n\n\n<p><strong>Candidatures spontan\u00e9es <\/strong>: vous \u00eates technicien, commercial ? <\/p>\n\n\n\n<p>Adressez votre candidature \u00e0 : <a href=\"mailto:cchallamel@tourniermab.com\">cchallamel@tourniermab.com<\/a><\/p>\n\n\n\n<p><\/p>\n\n\n\n<p><\/p>\n","protected":false},"excerpt":{"rendered":"<p>[et_pb_section fb_built=\u00a0\u00bb1&Prime; next_background_color=\u00a0\u00bb#ffffff\u00a0\u00bb _builder_version=\u00a0\u00bb3.19.16&Prime; background_image=\u00a0\u00bbhttps:\/\/tournier-machines-bois.com\/wp-content\/uploads\/2021\/11\/tournier-bois-services-fillinges.jpg\u00a0\u00bb max_width_last_edited=\u00a0\u00bbon|desktop\u00a0\u00bb custom_padding=\u00a0\u00bb63px||75px||false|false\u00a0\u00bb bottom_divider_style=\u00a0\u00bbslant\u00a0\u00bb bottom_divider_flip=\u00a0\u00bbhorizontal\u00a0\u00bb animation_style=\u00a0\u00bbslide\u00a0\u00bb animation_direction=\u00a0\u00bbtop\u00a0\u00bb][et_pb_row custom_padding=\u00a0\u00bb27px|0px|27px|0px|false|false\u00a0\u00bb custom_margin=\u00a0\u00bb80px||80px\u00a0\u00bb _builder_version=\u00a0\u00bb3.19.16&Prime; background_color=\u00a0\u00bbrgba(0,0,0,0.2)\u00a0\u00bb][et_pb_column type=\u00a0\u00bb4_4&Prime; _builder_version=\u00a0\u00bb3.19.16&Prime;][et_pb_text _builder_version=\u00a0\u00bb3.19.16&Prime; header_font=\u00a0\u00bb||||||||\u00a0\u00bb header_font_size=\u00a0\u00bb60px\u00a0\u00bb] RECRUTEMENT &#8211; OFFRES D&rsquo;EMPLOI [\/et_pb_text][et_pb_divider color=\u00a0\u00bb#ffffff\u00a0\u00bb divider_weight=\u00a0\u00bb3px\u00a0\u00bb _builder_version=\u00a0\u00bb3.19.16&Prime; max_width=\u00a0\u00bb20%\u00a0\u00bb custom_margin=\u00a0\u00bb20px||20px||true\u00a0\u00bb][\/et_pb_divider][et_pb_text _builder_version=\u00a0\u00bb3.19.16&Prime; text_font=\u00a0\u00bb||||||||\u00a0\u00bb text_line_height=\u00a0\u00bb1.8em\u00a0\u00bb custom_padding=\u00a0\u00bb|10%||\u00a0\u00bb inline_fonts=\u00a0\u00bbArial\u00a0\u00bb] &nbsp;\u00c0 LA RECHERCHE DE NOUVEAUX TALENTS&#8230; [\/et_pb_text][\/et_pb_column][\/et_pb_row][\/et_pb_section][et_pb_section fb_built=\u00a0\u00bb1&Prime; _builder_version=\u00a0\u00bb3.19.16&Prime;][et_pb_row custom_padding=\u00a0\u00bb27px|0px|0|0px|false|false\u00a0\u00bb _builder_version=\u00a0\u00bb3.19.16&Prime;][et_pb_column type=\u00a0\u00bb4_4&Prime; _builder_version=\u00a0\u00bb3.19.16&Prime;][et_pb_text _builder_version=\u00a0\u00bb3.19.16&Prime; text_font=\u00a0\u00bb|300|||||||\u00a0\u00bb header_font=\u00a0\u00bb||||||||\u00a0\u00bb header_2_font=\u00a0\u00bb|300||on|||||\u00a0\u00bb header_2_text_align=\u00a0\u00bbcenter\u00a0\u00bb header_2_text_color=\u00a0\u00bb#d1cac0&Prime; header_2_font_size=\u00a0\u00bb14px\u00a0\u00bb [&hellip;]<\/p>\n","protected":false},"author":3,"featured_media":0,"parent":0,"menu_order":0,"comment_status":"closed","ping_status":"closed","template":"","meta":{"_et_pb_use_builder":"","_et_pb_old_content":"","footnotes":""},"class_list":["post-328","page","type-page","status-publish","hentry"],"_links":{"self":[{"href":"http:\/\/negomab.fr\/index.php?rest_route=\/wp\/v2\/pages\/328","targetHints":{"allow":["GET"]}}],"collection":[{"href":"http:\/\/negomab.fr\/index.php?rest_route=\/wp\/v2\/pages"}],"about":[{"href":"http:\/\/negomab.fr\/index.php?rest_route=\/wp\/v2\/types\/page"}],"author":[{"embeddable":true,"href":"http:\/\/negomab.fr\/index.php?rest_route=\/wp\/v2\/users\/3"}],"replies":[{"embeddable":true,"href":"http:\/\/negomab.fr\/index.php?rest_route=%2Fwp%2Fv2%2Fcomments&post=328"}],"version-history":[{"count":14,"href":"http:\/\/negomab.fr\/index.php?rest_route=\/wp\/v2\/pages\/328\/revisions"}],"predecessor-version":[{"id":367,"href":"http:\/\/negomab.fr\/index.php?rest_route=\/wp\/v2\/pages\/328\/revisions\/367"}],"wp:attachment":[{"href":"http:\/\/negomab.fr\/index.php?rest_route=%2Fwp%2Fv2%2Fmedia&parent=328"}],"curies":[{"name":"wp","href":"https:\/\/api.w.org\/{rel}","templated":true}]}}